e the prime factors of 621462?
2, 3, 103577
What are the prime factors of 7796907?
3, 281, 3083
What are the prime factors of 218530?
2, 5, 13, 41
List the prime factors of 7301550.
2, 3, 5, 48677
What are the prime factors of 184370?
2, 5, 103, 179
List the prime factors of 2442534.
2, 3, 41, 9929
What are the prime factors of 889148?
2, 13, 17099
List the prime factors of 13662229.
7, 103, 2707
List the prime factors of 902451.
3, 11, 23, 29, 41
List the prime factors of 3263535.
3, 5, 11, 19, 347
What are the prime factors of 1149031?
13, 523
List the prime factors of 2686615.
5, 31, 17333
List the prime factors of 537298.
2, 233, 1153
List the prime factors of 2316379.
13, 178183
List the prime factors of 10109.
11, 919
List the prime factors of 15604683.
3, 179, 29059
What are the prime factors of 352640?
2, 5, 19, 29
What are the prime factors of 159589?
159589
What are the prime factors of 8317?
8317
List the prime factors of 27551.
27551
What are the prime factors of 430574?
2, 461, 467
What are the prime factors of 1460828?
2, 61, 5987
What are the prime factors of 3437483?
7, 311, 1579
List the prime factors of 10292796.
2, 3, 29, 9859
List the prime factors of 69311.
11, 6301
What are the prime factors of 1583537?
151, 10487
What are the prime factors of 17729681?
1153, 15377
What are the prime factors of 30835290?
2, 3, 5, 19, 47, 1151
List the prime factors of 2619077.
29, 90313
List the prime factors of 2057493.
3, 17, 40343
List the prime factors of 456820.
2, 5, 7, 13, 251
List the prime factors of 78950.
2, 5, 1579
What are the prime factors of 2967764?
2, 741941
List the prime factors of 42924.
2, 3, 7, 73
List the prime factors of 783156.
2, 3, 11, 17, 349
List the prime factors of 4942508.
2, 19, 65033
List the prime factors of 178958.
2, 13, 6883
List the prime factors of 7800171.
3, 2600057
What are the prime factors of 320439?
3, 7, 15259
List the prime factors of 1207960.
2, 5, 13, 23, 101
List the prime factors of 22774.
2, 59, 193
List the prime factors of 31370637.
3, 317, 32987
What are the prime factors of 1825777?
101, 18077
List the prime factors of 97457.
41, 2377
What are the prime factors of 339554?
2, 169777
What are the prime factors of 281323?
7, 40189
List the prime factors of 14453895.
3, 5, 53, 18181
List the prime factors of 8696730.
2, 3, 5, 7, 41413
What are the prime factors of 114528?
2, 3, 1193
What are the prime factors of 2875614?
2, 3, 7, 9781
What are the prime factors of 871226?
2, 19, 101, 227
What are the prime factors of 172262?
2, 86131
What are the prime factors of 268402?
2, 67, 2003
List the prime factors of 2298427.
2298427
What are the prime factors of 5392651?
11, 490241
List the prime factors of 30097053.
3, 7, 477731
What are the prime factors of 3605818?
2, 1802909
What are the prime factors of 514556?
2, 7, 17, 23, 47
What are the prime factors of 300336?
2, 3, 6257
List the prime factors of 346462.
2, 211, 821
List the prime factors of 7156796.
2, 17, 41, 151
List the prime factors of 968005.
5, 193601
What are the prime factors of 2601995?
5, 11, 47309
What are the prime factors of 389954?
2, 194977
What are the prime factors of 2318936?
2, 17, 59
What are the prime factors of 4127329?
613, 6733
What are the prime factors of 76001?
76001
What are the prime factors of 445054?
2, 222527
What are the prime factors of 1035381?
3, 269, 1283
What are the prime factors of 293716?
2, 97, 757
What are the prime factors of 2353720?
2, 5, 19, 163
What are the prime factors of 64470?
2, 3, 5, 7, 307
What are the prime factors of 3566279?
199, 17921
List the prime factors of 517106.
2, 17, 67, 227
List the prime factors of 7123985.
5, 11, 129527
List the prime factors of 254157.
3, 84719
What are the prime factors of 151027?
151027
What are the prime factors of 268245?
3, 5, 1987
List the prime factors of 2253.
3, 751
What are the prime factors of 10111240?
2, 5, 113, 2237
List the prime factors of 370190.
2, 5, 37019
List the prime factors of 4468376.
2, 11, 50777
What are the prime factors of 516295?
5, 13, 47
List the prime factors of 9014467.
7, 11, 117071
List the prime factors of 695881.
695881
What are the prime factors of 1597121?
19, 84059
List the prime factors of 3291027.
3, 1097009
What are the prime factors of 3232726?
2, 7, 32987
What are the prime factors of 516381?
3, 172127
What are the prime factors of 1658035?
5, 19, 31, 563
List the prime factors of 569260.
2, 5, 28463
What are the prime factors of 145009?
145009
List the prime factors of 4339214.
2, 11, 59, 3343
List the prime factors of 38575621.
7, 79, 883
What are the prime factors of 6687159?
3, 733, 3041
List the prime factors of 173349.
3, 11, 17, 103
What are the prime factors of 434670?
2, 3, 5, 14489
What are the prime factors of 1358852?
2, 11, 89, 347
List the prime factors of 2936539.
2936539
What are the prime factors of 1452556?
2, 7, 7411
What are the prime factors of 2138175?
3, 5, 13, 17, 43
List the prime factors of 161659.
161659
What are the prime factors of 1269629?
149, 8521
What are the prime factors of 933463?
933463
List the prime factors of 1187081.
7, 169583
What are the prime factors of 206830?
2, 5, 13, 37, 43
List the prime factors of 368995.
5, 11, 6709
What are the prime factors of 693569?
693569
What are the prime factors of 2779168?
2, 7, 19, 653
List the prime factors of 104944.
2, 7, 937
What are the prime factors of 877480?
2, 5, 21937
List the prime factors of 1571900.
2, 5, 11, 1429
List the prime factors of 11856035.
5, 2371207
What are the prime factors of 561371?
227, 2473
What are the prime factors of 153313?
153313
List the prime factors of 142816.
2, 4463
List the prime factors of 97486.
2, 79, 617
What are the prime factors of 527852?
2, 13, 10151
What are the prime factors of 217083?
3, 269
What are the prime factors of 388881?
3, 4801
List the prime factors of 11174494.
2, 1217, 4591
List the prime factors of 236991.
3, 197, 401
List the prime factors of 9470392.
2, 1183799
List the prime factors of 4172980.
2, 5, 7, 41, 727
List the prime factors of 122498.
2, 23, 2663
What are the prime factors of 238817?
79, 3023
List the prime factors of 195579.
3, 31, 701
List the prime factors of 43028.
2, 31, 347
What are the prime factors of 5520089?
19, 290531
List the prime factors of 18056792.
2, 13, 29, 5987
What are the prime factors of 11850945?
3, 5, 790063
List the prime factors of 34565.
5, 31, 223
What are the prime factors of 23851?
17, 23, 61
List the prime factors of 1226920.
2, 5, 37, 829
What are the prime factors of 15586688?
2, 13, 17, 19, 29
List the prime factors of 366307.
366307
What are the prime factors of 4585782?
2, 3, 719, 1063
What are the prime factors of 3094042?
2, 7, 61, 3623
What are the prime factors of 5693908?
2, 11, 151, 857
List the prime factors of 2511977.
13, 199, 971
What are the prime factors of 538324?
2, 134581
List the prime factors of 1594182.
2, 3, 37, 43, 167
List the prime factors of 55109.
55109
What are the prime factors of 2487119?
19, 223, 587
List the prime factors of 194186.
2, 151, 643
List the prime factors of 61282.
2, 13, 2357
What are the prime factors of 8236904?
2, 13, 79201
What are the prime factors of 1227005?
5, 13, 43, 439
What are the prime factors of 48439?
59, 821
What are the prime factors of 1507242?
2, 3, 11, 41, 557
List the prime factors of 876889.
13, 67453
List the prime factors of 38868.
2, 3, 41, 79
What are the prime factors of 116143?
37, 43, 73
List the prime factors of 404894.
2, 7, 28921
List the prime factors of 1743841.
11, 47, 3373
What are the prime factors of 7256678?
2, 11, 13, 25373
List the prime factors of 233805.
3, 5, 11, 13, 109
List the prime factors of 2208095.
5, 441619
List the prime factors of 25349515.
5, 19, 266837
List the prime factors of 156084.
2, 3, 13007
What are the prime factors of 7467472?
2, 466717
What are the prime factors of 529450?
2, 5, 10589
What are the prime factors of 26001054?
2, 3, 481501
List the prime factors of 1606099.
11, 146009
List the prime factors of 4896.
2, 3, 17
List the prime factors of 72809.
11, 6619
List the prime factors of 6162464.
2, 7, 11, 41, 61
What are the prime factors of 16542?
2, 3, 919
List the prime factors of 415342.
2, 207671